{"id":115,"date":"2024-04-28T14:15:40","date_gmt":"2024-04-28T12:15:40","guid":{"rendered":"http:\/\/ayurveda-surya.com\/?page_id=115"},"modified":"2024-09-10T21:30:33","modified_gmt":"2024-09-10T19:30:33","slug":"massages","status":"publish","type":"page","link":"https:\/\/ayurveda-surya.com\/index.php\/massages\/","title":{"rendered":"Massages"},"content":{"rendered":"\n<p class=\"has-medium-font-size\">Tous les massages utilisent des huiles adapt\u00e9es \u00e0 votre constitution ou \u00e0 votre d\u00e9s\u00e9quilibre du moment. <\/p>\n\n\n\n<p class=\"has-small-font-size\"><\/p>\n\n\n\n<h2 class=\"wp-block-heading is-style-default\">Abhyanga Atreya \u00ae <\/h2>\n\n\n\n<div class=\"wp-block-media-text is-stacked-on-mobile\"><figure class=\"wp-block-media-text__media\"><img loading=\"lazy\" decoding=\"async\" width=\"1024\" height=\"683\" src=\"http:\/\/ayurveda-surya.com\/wp-content\/uploads\/2024\/04\/IMG_8301-1024x683.jpg\" alt=\"\" class=\"wp-image-42 size-full\" srcset=\"https:\/\/ayurveda-surya.com\/wp-content\/uploads\/2024\/04\/IMG_8301-1024x683.jpg 1024w, https:\/\/ayurveda-surya.com\/wp-content\/uploads\/2024\/04\/IMG_8301-300x200.jpg 300w, https:\/\/ayurveda-surya.com\/wp-content\/uploads\/2024\/04\/IMG_8301-768x512.jpg 768w, https:\/\/ayurveda-surya.com\/wp-content\/uploads\/2024\/04\/IMG_8301-1536x1024.jpg 1536w, https:\/\/ayurveda-surya.com\/wp-content\/uploads\/2024\/04\/IMG_8301.jpg 1920w\" sizes=\"auto, (max-width: 1024px) 100vw, 1024px\" \/><\/figure><div class=\"wp-block-media-text__content\">\n<p>C&rsquo;est un <strong>massage-soin complet du corps<\/strong>. Il permet de r\u00e9tablir l\u2019\u00e9quilibre de vos Doshas, d&rsquo;\u00e9liminer les toxines, de chasser l\u2019agitation mentale, de favoriser la circulation, d&rsquo;harmoniser et de dynamiser votre corps physique et \u00e9nerg\u00e9tique.<\/p>\n<\/div><\/div>\n\n\n\n<div class=\"wp-block-buttons is-layout-flex wp-block-buttons-is-layout-flex\">\n<div class=\"wp-block-button is-style-outline is-style-outline--1\"><a class=\"wp-block-button__link wp-element-button\">90\u20ac (70min) \u2013 100 \u20ac (90min).<\/a><\/div>\n<\/div>\n\n\n\n<p>Si les soins sont r\u00e9alis\u00e9s toutes les semaines ou tous les 15 jours, un tarif particulier sera appliqu\u00e9. Un devis sera \u00e9tabli.<\/p>\n\n\n\n<p><\/p>\n\n\n\n<h2 class=\"wp-block-heading is-style-default\">Baspha<\/h2>\n\n\n\n<p>Baspha ou caisson de sudation :<\/p>\n\n\n\n<p>\u00c0 faire apr\u00e8s un massage abhyanga pour les personnes souffrant de tensions musculaires, de douleurs articulaires. Dur\u00e9e : 10 \u00e0 20 min selon la constitution et la saison.<\/p>\n\n\n\n<div class=\"wp-block-buttons is-layout-flex wp-block-buttons-is-layout-flex\">\n<div class=\"wp-block-button is-style-outline is-style-outline--2\"><a class=\"wp-block-button__link wp-element-button\">15\u20ac  <\/a><\/div>\n<\/div>\n\n\n\n<p><\/p>\n\n\n\n<h2 class=\"wp-block-heading is-style-default\">Snehana<\/h2>\n\n\n\n<div class=\"wp-block-media-text is-stacked-on-mobile is-image-fill\"><figure class=\"wp-block-media-text__media\" style=\"background-image:url(http:\/\/ayurveda-surya.com\/wp-content\/uploads\/2024\/06\/IMG_8486-1-683x1024.jpg);background-position:50% 50%\"><img loading=\"lazy\" decoding=\"async\" width=\"683\" height=\"1024\" src=\"http:\/\/ayurveda-surya.com\/wp-content\/uploads\/2024\/06\/IMG_8486-1-683x1024.jpg\" alt=\"\" class=\"wp-image-252 size-full\" srcset=\"https:\/\/ayurveda-surya.com\/wp-content\/uploads\/2024\/06\/IMG_8486-1-683x1024.jpg 683w, https:\/\/ayurveda-surya.com\/wp-content\/uploads\/2024\/06\/IMG_8486-1-200x300.jpg 200w, https:\/\/ayurveda-surya.com\/wp-content\/uploads\/2024\/06\/IMG_8486-1-768x1152.jpg 768w, https:\/\/ayurveda-surya.com\/wp-content\/uploads\/2024\/06\/IMG_8486-1-1024x1536.jpg 1024w, https:\/\/ayurveda-surya.com\/wp-content\/uploads\/2024\/06\/IMG_8486-1-1365x2048.jpg 1365w, https:\/\/ayurveda-surya.com\/wp-content\/uploads\/2024\/06\/IMG_8486-1-1170x1755.jpg 1170w, https:\/\/ayurveda-surya.com\/wp-content\/uploads\/2024\/06\/IMG_8486-1-scaled.jpg 1707w\" sizes=\"auto, (max-width: 683px) 100vw, 683px\" \/><\/figure><div class=\"wp-block-media-text__content\">\n<p>Ce type de massage-soin est d\u00e9di\u00e9 aux personnes stress\u00e9es, agit\u00e9es, ayant des troubles du sommeil, des difficult\u00e9s \u00e0 se concentrer\u2026<\/p>\n<\/div><\/div>\n\n\n\n<div class=\"wp-block-buttons is-layout-flex wp-block-buttons-is-layout-flex\">\n<div class=\"wp-block-button is-style-outline is-style-outline--3\"><a class=\"wp-block-button__link wp-element-button\">85\u20ac (70 min)<\/a><\/div>\n<\/div>\n\n\n\n<p><\/p>\n\n\n\n<h2 class=\"wp-block-heading is-style-default\">Shiroshampi <\/h2>\n\n\n\n<div class=\"wp-block-media-text is-stacked-on-mobile is-image-fill\"><figure class=\"wp-block-media-text__media\" style=\"background-image:url(http:\/\/ayurveda-surya.com\/wp-content\/uploads\/2024\/06\/IMG_8555-1-1024x655.jpg);background-position:50% 50%\"><img loading=\"lazy\" decoding=\"async\" width=\"1024\" height=\"655\" src=\"http:\/\/ayurveda-surya.com\/wp-content\/uploads\/2024\/06\/IMG_8555-1-1024x655.jpg\" alt=\"\" class=\"wp-image-246 size-full\" srcset=\"https:\/\/ayurveda-surya.com\/wp-content\/uploads\/2024\/06\/IMG_8555-1-1024x655.jpg 1024w, https:\/\/ayurveda-surya.com\/wp-content\/uploads\/2024\/06\/IMG_8555-1-300x192.jpg 300w, https:\/\/ayurveda-surya.com\/wp-content\/uploads\/2024\/06\/IMG_8555-1-768x491.jpg 768w, https:\/\/ayurveda-surya.com\/wp-content\/uploads\/2024\/06\/IMG_8555-1-1536x982.jpg 1536w, https:\/\/ayurveda-surya.com\/wp-content\/uploads\/2024\/06\/IMG_8555-1-2048x1310.jpg 2048w, https:\/\/ayurveda-surya.com\/wp-content\/uploads\/2024\/06\/IMG_8555-1-1170x748.jpg 1170w\" sizes=\"auto, (max-width: 1024px) 100vw, 1024px\" \/><\/figure><div class=\"wp-block-media-text__content\">\n<p>C&rsquo;est un massage de la t\u00eate. Il est id\u00e9al pour apaiser le stress, diminuer l&rsquo;insomnie et la fatigue oculaire. Il est recommand\u00e9 avant les examens ou un entretien.<br>Ce soin peut \u00eatre accompagn\u00e9 d&rsquo;un Shiropichu qui est un tampon d\u2019huile sur le cr\u00e2ne. Il apaise les nerfs et am\u00e9liore la m\u00e9moire.<\/p>\n\n\n\n<p>La dur\u00e9e de ce soin peut varier selon les personnes.<\/p>\n<\/div><\/div>\n\n\n\n<div class=\"wp-block-buttons is-layout-flex wp-block-buttons-is-layout-flex\">\n<div class=\"wp-block-button is-style-outline is-style-outline--4\"><a class=\"wp-block-button__link wp-element-button\">40 min (65\u20ac &#8211; sans Shiropichu \/ 70 \u20ac &#8211; avec Shiropichu)<\/a><\/div>\n<\/div>\n\n\n\n<p class=\"has-small-font-size\"><\/p>\n\n\n\n<h2 class=\"wp-block-heading is-style-default\">Enfants\/Ados<\/h2>\n\n\n\n<p>Massages doux adapt\u00e9s \u00e0 l\u2019\u00e2ge et aux besoins. Les enfants ou adolescents devront \u00eatre accompagn\u00e9s d\u2019un parent.<\/p>\n\n\n\n<div class=\"wp-block-buttons is-layout-flex wp-block-buttons-is-layout-flex\">\n<div class=\"wp-block-button is-style-outline is-style-outline--5\"><a class=\"wp-block-button__link wp-element-button\">70\u20ac (40min)<\/a><\/div>\n<\/div>\n\n\n\n<p><\/p>\n\n\n\n<figure class=\"wp-block-pullquote\"><blockquote><p>C&rsquo;est votre premi\u00e8re fois ?<\/p><cite>Profitez-de nos forfaits pour d\u00e9couvrir l&rsquo;Ayurv\u00e9da et ses bienfaits<\/cite><\/blockquote><\/figure>\n\n\n\n<p><\/p>\n\n\n\n<div class=\"wp-block-buttons is-layout-flex wp-block-buttons-is-layout-flex\">\n<div class=\"wp-block-button\"><a class=\"wp-block-button__link wp-element-button\">Consultation (30 min) + Massage (70 min) : 110\u20ac pour des premiers conseils d&rsquo;hygi\u00e8ne de vie<\/a><\/div>\n<\/div>\n\n\n\n<div class=\"wp-block-buttons is-layout-flex wp-block-buttons-is-layout-flex\">\n<div class=\"wp-block-button\"><a class=\"wp-block-button__link wp-element-button\">Consultation (75 min) + Massage (70 min) : 155\u20ac pour un bilan complet<\/a><\/div>\n<\/div>\n\n\n\n<p>* Avant tout premier soin, une consultation est n\u00e9cessaire pour d\u00e9terminer la nature du massage \u00e0 r\u00e9aliser. <\/p>\n\n\n\n<p class=\"has-small-font-size\"><em>Le massage est d\u00e9conseill\u00e9 lors du cycle menstruel ou en cas de congestion des poumons. Il est n\u00e9cessaire d\u2019indiquer votre \u00e9tat de sant\u00e9 au th\u00e9rapeute avant tout massage.<\/em> Il ne peut remplacer ou se substituer \u00e0 aucun acte de kin\u00e9sith\u00e9rapie.<\/p>\n","protected":false},"excerpt":{"rendered":"<p>Tous les massages utilisent des huiles adapt\u00e9es \u00e0 votre constitution ou \u00e0 votre d\u00e9s\u00e9quilibre du moment. Abhyanga Atreya \u00ae C&rsquo;est un massage-soin complet du corps. Il permet de r\u00e9tablir l\u2019\u00e9quilibre de vos Doshas, d&rsquo;\u00e9liminer les toxines, de chasser l\u2019agitation mentale, de favoriser la circulation, d&rsquo;harmoniser et de dynamiser votre corps physique et \u00e9nerg\u00e9tique. Si les [&hellip;]<\/p>\n","protected":false},"author":1,"featured_media":188,"parent":0,"menu_order":0,"comment_status":"closed","ping_status":"closed","template":"","meta":{"footnotes":""},"class_list":["post-115","page","type-page","status-publish","has-post-thumbnail","hentry"],"_links":{"self":[{"href":"https:\/\/ayurveda-surya.com\/index.php\/wp-json\/wp\/v2\/pages\/115","targetHints":{"allow":["GET"]}}],"collection":[{"href":"https:\/\/ayurveda-surya.com\/index.php\/wp-json\/wp\/v2\/pages"}],"about":[{"href":"https:\/\/ayurveda-surya.com\/index.php\/wp-json\/wp\/v2\/types\/page"}],"author":[{"embeddable":true,"href":"https:\/\/ayurveda-surya.com\/index.php\/wp-json\/wp\/v2\/users\/1"}],"replies":[{"embeddable":true,"href":"https:\/\/ayurveda-surya.com\/index.php\/wp-json\/wp\/v2\/comments?post=115"}],"version-history":[{"count":24,"href":"https:\/\/ayurveda-surya.com\/index.php\/wp-json\/wp\/v2\/pages\/115\/revisions"}],"predecessor-version":[{"id":376,"href":"https:\/\/ayurveda-surya.com\/index.php\/wp-json\/wp\/v2\/pages\/115\/revisions\/376"}],"wp:featuredmedia":[{"embeddable":true,"href":"https:\/\/ayurveda-surya.com\/index.php\/wp-json\/wp\/v2\/media\/188"}],"wp:attachment":[{"href":"https:\/\/ayurveda-surya.com\/index.php\/wp-json\/wp\/v2\/media?parent=115"}],"curies":[{"name":"wp","href":"https:\/\/api.w.org\/{rel}","templated":true}]}}